{"id":96,"date":"2022-09-03T00:28:04","date_gmt":"2022-09-03T00:28:04","guid":{"rendered":"https:\/\/oliverruiz.com.mx\/?page_id=96"},"modified":"2025-07-03T07:02:26","modified_gmt":"2025-07-03T07:02:26","slug":"recuperando-a-mexico-a-c","status":"publish","type":"page","link":"https:\/\/oliverruiz.com.mx\/index.php\/recuperando-a-mexico-a-c\/","title":{"rendered":"Recuperando a M\u00e9xico A.C."},"content":{"rendered":"<div class=\"wp-block-image\">\n<figure class=\"aligncenter size-full\"><img loading=\"lazy\" decoding=\"async\" width=\"682\" height=\"632\" src=\"https:\/\/oliverruiz.com.mx\/wp-content\/uploads\/2022\/09\/IMG-20220902-WA0027.jpg\" alt=\"\" class=\"wp-image-233\" srcset=\"https:\/\/oliverruiz.com.mx\/wp-content\/uploads\/2022\/09\/IMG-20220902-WA0027.jpg 682w, https:\/\/oliverruiz.com.mx\/wp-content\/uploads\/2022\/09\/IMG-20220902-WA0027-300x278.jpg 300w\" sizes=\"auto, (max-width: 682px) 100vw, 682px\" \/><\/figure>\n<\/div>\n\n\n<p>Asociaci\u00f3n Civil legalmente constituida que opera sin fines de Lucro 100% a favor de la Sociedad, No Pol\u00edtica Ni Religiosa.<\/p>\n\n\n\n<p class=\"has-text-align-center\"><strong>Recuperando a M\u00e9xico A.C. <\/strong><\/p>\n\n\n\n<p>Con el Objetivo proncipal de Recuperar a M\u00e9xico a trav\u00e9s de las diversas actividades Internacionales que respalda a Oliver Ruiz.<\/p>\n\n\n\n<p>-Centros de Capacitaci\u00f3n.<\/p>\n\n\n\n<p>-Conferencias, Cursos, Congresos y Capacitaci\u00f3n.<\/p>\n\n\n\n<p>-Club Internacional de Empresarios con Causa.<\/p>\n\n\n\n<p>-Gesti\u00f3n de Eventos. <\/p>\n\n\n\n<p>-Medio de Comunicaci\u00f3n y Portal de Noticias Internacionales, <strong>Programa: \u00abEN CONTACTO CON OLIVER RU\u00cdZ\u00bb. <\/strong><\/p>\n\n\n\n<p>-C\u00e1psulas, Reportajes, Art\u00edculos, Entrevistas, Portal de Noticias Internacionales, Difusi\u00f3n y Promoci\u00f3n. <\/p>\n\n\n\n<p>-Ayuda a Causas Sociales, Asociaciones, Fundaciones y Grupos Vulnerables. <\/p>\n\n\n\n<p>-Vinculaciones Internacionales, Educativas, Empresariales, Art\u00edsticas, etc. <\/p>\n\n\n\n<p>-Dignificar, Promover, Reconocer y Brindar espacios dignos para los Artistas, Artesanos, Pueblos Originarios, Ind\u00edgenas y Emprendedores. <\/p>\n\n\n\n<p>-Asesoria Emocional, Empresarial, Gobernamental, Publicitaria, Relaciones P\u00fablicas, Logistica, Organizaci\u00f3n de Festivales y Eventos Internacionales.<\/p>\n\n\n\n<p>-Cuadyuba con Embajadas, Asociaciones, Fundaciones, Empresas, Escuelas, Gobiernos, Organismos Internacionales, etc. <\/p>\n\n\n\n<p class=\"has-text-align-center\"><strong>Copyright \u00a9 2025 Oliver Ruiz.<br>Copyright \u00a9 2025 Oliver Ra\u00fal Ruiz Preciado.<\/strong><\/p>\n","protected":false},"excerpt":{"rendered":"<p>Asociaci\u00f3n Civil legalmente constituida que opera sin fines de Lucro 100% a favor de la Sociedad, No Pol\u00edtica Ni Religiosa. Recuperando a M\u00e9xico A.C. Con el Objetivo proncipal de Recuperar<\/p>\n<p class=\"more-link\"><a href=\"https:\/\/oliverruiz.com.mx\/index.php\/recuperando-a-mexico-a-c\/\" class=\"readmore\">Seguir leyendo<svg class=\"icon icon-arrow-right\" aria-hidden=\"true\" role=\"img\"> <use href=\"#icon-arrow-right\" xlink:href=\"#icon-arrow-right\"><\/use> <\/svg><span class=\"screen-reader-text\">Recuperando a M\u00e9xico A.C.<\/span><\/a><\/p>\n","protected":false},"author":1,"featured_media":0,"parent":0,"menu_order":0,"comment_status":"closed","ping_status":"closed","template":"","meta":{"footnotes":""},"class_list":["post-96","page","type-page","status-publish","hentry"],"_links":{"self":[{"href":"https:\/\/oliverruiz.com.mx\/index.php\/wp-json\/wp\/v2\/pages\/96","targetHints":{"allow":["GET"]}}],"collection":[{"href":"https:\/\/oliverruiz.com.mx\/index.php\/wp-json\/wp\/v2\/pages"}],"about":[{"href":"https:\/\/oliverruiz.com.mx\/index.php\/wp-json\/wp\/v2\/types\/page"}],"author":[{"embeddable":true,"href":"https:\/\/oliverruiz.com.mx\/index.php\/wp-json\/wp\/v2\/users\/1"}],"replies":[{"embeddable":true,"href":"https:\/\/oliverruiz.com.mx\/index.php\/wp-json\/wp\/v2\/comments?post=96"}],"version-history":[{"count":18,"href":"https:\/\/oliverruiz.com.mx\/index.php\/wp-json\/wp\/v2\/pages\/96\/revisions"}],"predecessor-version":[{"id":12544,"href":"https:\/\/oliverruiz.com.mx\/index.php\/wp-json\/wp\/v2\/pages\/96\/revisions\/12544"}],"wp:attachment":[{"href":"https:\/\/oliverruiz.com.mx\/index.php\/wp-json\/wp\/v2\/media?parent=96"}],"curies":[{"name":"wp","href":"https:\/\/api.w.org\/{rel}","templated":true}]}}